{"id":2,"date":"2011-11-11T13:48:19","date_gmt":"2011-11-11T13:48:19","guid":{"rendered":"http:\/\/www.xn--billigstrm-8cb.no\/?page_id=2"},"modified":"2023-04-04T13:25:15","modified_gmt":"2023-04-04T11:25:15","slug":"om","status":"publish","type":"page","link":"https:\/\/xn--billigststrm-5jb.no\/?page_id=2","title":{"rendered":"Om Billigststr\u00f8m.no"},"content":{"rendered":"<p>Billigststr\u00f8m.no er et nettsted som gir informasjon om forskjellige typer str\u00f8mavtaler og om kraftmarkedet generelt, samt tilbyr mulighet for bestilling av billigere str\u00f8m gjennom <a href=\"https:\/\/www.kraftavtaler.no\/?page_id=52\">samarbeidende leverand\u00f8rer<\/a>.<\/p>\n<div style=\"width: 210px\" class=\"wp-caption alignnone\"><img decoding=\"async\" loading=\"lazy\" title=\"Billig str\u00f8m er best!\" src=\"\/wp-includes\/images\/200px_powerline.png\" alt=\"Billigstr\u00f8m p\u00e5 tur til forbrukeren\" width=\"200\" height=\"283\" \/><p class=\"wp-caption-text\">Bytt til en leverand\u00f8r med billigere str\u00f8m og spar penger!<\/p><\/div>\n","protected":false},"excerpt":{"rendered":"<p>Billigststr\u00f8m.no er et nettsted som gir informasjon om forskjellige typer str\u00f8mavtaler og om kraftmarkedet generelt, samt tilbyr mulighet for bestilling av billigere str\u00f8m gjennom samarbeidende leverand\u00f8rer.<\/p>\n","protected":false},"author":1,"featured_media":0,"parent":0,"menu_order":0,"comment_status":"closed","ping_status":"closed","template":"","meta":{"footnotes":""},"aioseo_notices":[],"_links":{"self":[{"href":"https:\/\/xn--billigststrm-5jb.no\/index.php?rest_route=\/wp\/v2\/pages\/2"}],"collection":[{"href":"https:\/\/xn--billigststrm-5jb.no\/index.php?rest_route=\/wp\/v2\/pages"}],"about":[{"href":"https:\/\/xn--billigststrm-5jb.no\/index.php?rest_route=\/wp\/v2\/types\/page"}],"author":[{"embeddable":true,"href":"https:\/\/xn--billigststrm-5jb.no\/index.php?rest_route=\/wp\/v2\/users\/1"}],"replies":[{"embeddable":true,"href":"https:\/\/xn--billigststrm-5jb.no\/index.php?rest_route=%2Fwp%2Fv2%2Fcomments&post=2"}],"version-history":[{"count":11,"href":"https:\/\/xn--billigststrm-5jb.no\/index.php?rest_route=\/wp\/v2\/pages\/2\/revisions"}],"predecessor-version":[{"id":251,"href":"https:\/\/xn--billigststrm-5jb.no\/index.php?rest_route=\/wp\/v2\/pages\/2\/revisions\/251"}],"wp:attachment":[{"href":"https:\/\/xn--billigststrm-5jb.no\/index.php?rest_route=%2Fwp%2Fv2%2Fmedia&parent=2"}],"curies":[{"name":"wp","href":"https:\/\/api.w.org\/{rel}","templated":true}]}}