{"id":95,"date":"2014-10-02T14:15:11","date_gmt":"2014-10-02T12:15:11","guid":{"rendered":"http:\/\/www.xn--billigstrm-8cb.no\/?page_id=95"},"modified":"2018-10-29T21:13:14","modified_gmt":"2018-10-29T20:13:14","slug":"tips-og-rad","status":"publish","type":"page","link":"https:\/\/xn--billigststrm-5jb.no\/?page_id=95","title":{"rendered":"Tips og r\u00e5d"},"content":{"rendered":"<p>N\u00e5r du blir kunde hos en str\u00f8mleverand\u00f8r\u00a0\u00a0(og ikke minst etter at du har blitt det) er det flere fallgruber du b\u00f8r styre unna. Som alltid anbefaler vi \u00e5 sette seg skikkelig inn i vilk\u00e5rene, og ikke la seg overtale til noe uten \u00e5 sjekke hva man sier ja til.<\/p>\n<p><strong>Unng\u00e5 fordelspakker<\/strong><\/p>\n<p>De rimeligste str\u00f8mavtalene, oftest spotprisavtaler, inneb\u00e6rer gjerne sv\u00e6rt lav fortjeneste for leverand\u00f8rene. For \u00e5 b\u00f8te p\u00e5 dette har flere str\u00f8mleverand\u00f8rer begynt \u00e5 selge s\u00e5kalte &laquo;fordelspakker&raquo; med en ekstrakostnad for kunden som ofte er vanskelig \u00e5 f\u00e5 \u00f8ye p\u00e5 ved bestilling. I den grad prisen for tilleggspakken synliggj\u00f8res er det gjerne snakk om en &laquo;per dag&raquo; pris p\u00e5 noen f\u00e5 kroner, slik at det kan virke som ubetydelige summer. Men 2,50 per dag er alts\u00e5 n\u00e6rmere 1000-lappen per \u00e5r.<\/p>\n<p>Om disse pakkene reelt sett omfatter noen &laquo;fordeler&raquo; kan diskuteres, ofte er innholdet un\u00f8dvendig og overpriset sett fra de aller fleste str\u00f8mkunders st\u00e5sted. Str\u00f8mavtaler med slike &laquo;fordelspakker&raquo; selges dessuten ofte i samarbeid med andre, f.eks. flyselskaper eller elektrokjeder. Da lokkes kundene med fordeler av typen gavesjekk eller bonuspoeng, men man m\u00e5 alts\u00e5 bestille et betydelig dyrere produkt som sannsynligvis gj\u00f8r at vinnngen g\u00e5r opp i spinningen &#8211; og vel s\u00e5 det.<\/p>\n<p><strong>Ikke la deg lure p\u00e5 telefonen<\/strong><\/p>\n<p>Noen kraftleverand\u00f8rer opererer med billigprodukter som kommer bra ut p\u00e5 Forbrukerr\u00e5dets prisoversikt, men\u00a0i realiteten er lokkemat. Disse billigvariantene kalles &laquo;lynavleder-produkter&raquo; i bransjen, og p\u00e5 engelsk heter det etterhvert godt kjente trikset &laquo;<a title=\"Lynavlederprodukter \" href=\"http:\/\/en.wikipedia.org\/wiki\/Bait-and-switch\" target=\"_blank\" rel=\"noopener\">bait and switch<\/a>&laquo;.<\/p>\n<p>Konseptet g\u00e5r ut p\u00e5 at man f\u00e5r kundene inn d\u00f8ren via billigproduktene, men s\u00e5 snart man har blitt kunde blir man oppringt av selskapet og fors\u00f8kt overtalt til \u00e5 endre til en avtale som er dyrere &#8211; gjerne i form av en &laquo;fordelspakke&raquo; eller prisgaranti. Si NEI og g\u00e5 aldri inn p\u00e5 avtaler uten n\u00f8ye \u00e5 ha sjekket betingelsene p\u00e5 forh\u00e5nd!<\/p>\n<p><strong>F\u00f8lg med p\u00e5 endringer<\/strong><\/p>\n<p>Som nevnt promoterer mange kraftleverand\u00f8rer ofte veldig billige avtaler, med forlokkende vilk\u00e5r som ogs\u00e5 gj\u00f8r at man rangerer h\u00f8yt p\u00e5 Forbrukerr\u00e5dets prisoversikt. Imidlertid\u00a0tjener str\u00f8mleverand\u00f8rene lite\u00a0penger p\u00e5 de aktuelle vilk\u00e5rene, og de \u00f8nsker derfor \u00e5 f\u00e5 kundene over p\u00e5 andre og mer lukrative betingelser snarest mulig etter \u00e5 ha f\u00e5tt kunden &laquo;p\u00e5 kroken&raquo;.<\/p>\n<p>Derfor gjelder ofte de gunstige\u00a0vilk\u00e5rene kun i en begrenset periode, og den som leser det som st\u00e5r med liten skrift vil oppdage klausuler der man eksempelvis automatisk vil bli overf\u00f8rt til en annen avtale etter noen m\u00e5neder.\u00a0En typisk variant er \u00e5 selge inn\u00a0&laquo;Billigavtale Kampanje&raquo; der str\u00f8mkunden etter 3 m\u00e5neder vil havne p\u00e5 betingelsene til &laquo;Billigavtale&raquo; &#8211; som ikke er riktig s\u00e5 billig.<\/p>\n<p>Det er slett ikke sikert at str\u00f8mleverand\u00f8ren tar seg bryet med \u00e5 varsle deg direkte om denne typen avtaleendringer eller andre prisendringer. Ofte viser avtalevilk\u00e5rene at prisendringer &laquo;kan skje med x ukers varsel&raquo; og at slike endringer vil bli kunngjort p\u00e5 leverand\u00f8rens websider.<\/p>\n<p>S\u00f8rg derfor for \u00e5 sjekke gjeldende priser med jevne mellomrom, og ikke finn deg i \u00e5 bli &laquo;melket&raquo; p\u00e5 helt andre betingelser enn str\u00f8mleverand\u00f8ren solgte deg. Bytt kraftleverand\u00f8r hyppig om n\u00f8dvendig!<\/p>\n<p>&nbsp;<\/p>\n<p>&nbsp;<\/p>\n","protected":false},"excerpt":{"rendered":"<p>N\u00e5r du blir kunde hos en str\u00f8mleverand\u00f8r\u00a0\u00a0(og ikke minst etter at du har blitt det) er det flere fallgruber du b\u00f8r styre unna. Som alltid anbefaler vi \u00e5 sette seg skikkelig inn i vilk\u00e5rene, og ikke la seg overtale til &hellip; <a href=\"https:\/\/xn--billigststrm-5jb.no\/?page_id=95\">Les videre <span class=\"meta-nav\">&rarr;<\/span><\/a><\/p>\n","protected":false},"author":1,"featured_media":0,"parent":30,"menu_order":0,"comment_status":"closed","ping_status":"open","template":"","meta":{"footnotes":""},"aioseo_notices":[],"_links":{"self":[{"href":"https:\/\/xn--billigststrm-5jb.no\/index.php?rest_route=\/wp\/v2\/pages\/95"}],"collection":[{"href":"https:\/\/xn--billigststrm-5jb.no\/index.php?rest_route=\/wp\/v2\/pages"}],"about":[{"href":"https:\/\/xn--billigststrm-5jb.no\/index.php?rest_route=\/wp\/v2\/types\/page"}],"author":[{"embeddable":true,"href":"https:\/\/xn--billigststrm-5jb.no\/index.php?rest_route=\/wp\/v2\/users\/1"}],"replies":[{"embeddable":true,"href":"https:\/\/xn--billigststrm-5jb.no\/index.php?rest_route=%2Fwp%2Fv2%2Fcomments&post=95"}],"version-history":[{"count":9,"href":"https:\/\/xn--billigststrm-5jb.no\/index.php?rest_route=\/wp\/v2\/pages\/95\/revisions"}],"predecessor-version":[{"id":216,"href":"https:\/\/xn--billigststrm-5jb.no\/index.php?rest_route=\/wp\/v2\/pages\/95\/revisions\/216"}],"up":[{"embeddable":true,"href":"https:\/\/xn--billigststrm-5jb.no\/index.php?rest_route=\/wp\/v2\/pages\/30"}],"wp:attachment":[{"href":"https:\/\/xn--billigststrm-5jb.no\/index.php?rest_route=%2Fwp%2Fv2%2Fmedia&parent=95"}],"curies":[{"name":"wp","href":"https:\/\/api.w.org\/{rel}","templated":true}]}}